 + 6. Let c be (i/2)/((-2)/10). Let z(w) = -3 + 3*w**2 - 2*w**2 - 5*w + 0*w**2. Determine z(c).
-3
Let l(p) = -p**3 + 4*p**2 + 1. Let w(h) = 3*h - 12. Let r be w(5). Determine l(r).
10
Let g(i) = i + 8. Let f be g(-7). Let s(k) = k**2 - 1. Calculate s(f).
0
Let a(w) = 1 + 3 - 1 + 3*w. Suppose 6*m - 2*m + 8 = 0. Give a(m).
-3
Let v(m) = m**3 + m**2 - m + 1. Let y(h) = -7*h**3 - 13*h**2 - 11. Let d(b) = 6*v(b) + y(b). Determine d(-6).
-5
Let c(g) = -3*g + 14. Let w(a) = 4*a - 15. Let j(v) = -3*c(v) - 2*w(v). Calculate j(5).
-7
Let v be (-2)/(-6) - 4/3. Let g(w) = -25*w**2 + w - 13. Let n(k) = -6*k**2 - 3. Let o(i) = -2*g(i) + 9*n(i). Give o(v).
-3
Let h(r) be the third derivative of -r**7/1260 - r**6/240 - r**4/8 + 4*r**2. Let c(t) be the second derivative of h(t). Determine c(-2).
-2
Let z(v) = 0 + 2*v**2 + 3*v + 1 + v**3 + 1. Let c be (42/(-12))/(2/(-4)). Let m be 1/(c/(-2) + 3). Calculate z(m).
-4
Let k(t) = -t**2 + t**3 - t**3 + t**3 + t - 3*t. Suppose 3 = -3*r - 6. Let p(n) = -n**3 - 2*n**2 + 3*n + 2. Let s be p(r). What is k(s)?
0
Let h(f) = f + 2. Let s be h(-9). Let q(c) = c + 13. Calculate q(s).
6
Let x(w) = w**2 + 5*w - 1. Let p(z) = z**3 + 3*z**2 + 4*z - 1. Let y be p(-3). Let l = y + 18. Suppose 5*m - m + l*n + 10 = 0, -n = -2. Calculate x(m).
-1
Let s = -45 - -49. Let d(k) = -k**3 + 4*k**2 - 4*k + 3. Give d(s).
-13
Let j(d) = d**2 + 6*d - 10 - 5*d**2 + 5*d**2. Give j(-7).
-3
Suppose 5*o = -m - 25, 0 = 2*o + o - 5*m - 13. Let v(u) be the second derivative of 7/2*u**2 + 0 - 2*u + 1/6*u**3. Give v(o).
3
Let g(y) = 5 + 8*y + 2 - 5. Determine g(-2).
-14
Let m(b) = b**3 - 4*b**2 + b + 3. Let k be m(2). Let i(h) = h**3 + 3*h**2 - 4*h. What is i(k)?
12
Let r(n) be the third derivative of n**6/120 - n**5/30 - n**4/24 - 2*n**3/3 - n**2. Let q be r(3). Let g(h) = -2*h**2 + 3*h - 1. Give g(q).
-3
Let v(k) be the third derivative of k**7/5040 - k**6/240 + k**5/10 + 6*k**2. Let g(p) be the third derivative of v(p). Give g(-4).
-7
Let u(g) = g**3 + 6*g**2 + 5*g - 4. Let r be u(-5). Let h(s) be the third derivative of s**4/24 + s**3/3 + s**2 + 26*s. Calculate h(r).
-2
Let v(j) = -j - 1. Let g = 4 - 7. Let s(m) be the first derivative of m - 7. Let l(x) = g*v(x) - 2*s(x). Determine l(-2).
-5
Let b = 2 - 0. Suppose a - 16 = -c - 4*c, 1 = c - b*a. Let g(y) = 5*y**2 - 5*y - 4*y**2 - c + y**2. Calculate g(4).
9
Let y(i) = 3*i + 1. Let z = 4 + 3. Suppose -2 - z = -3*u. Give y(u).
10
Let j = 6 + -6. Let g(b) = b + 14. What is g(j)?
14
Let w(k) = -k + 3. Suppose -3*j - 3 + 2 = 4*p, 3*p - j = 9. Let h be ((-5)/p)/((-7)/14). What is w(h)?
-2
Let u(c) be the second derivative of c**5/10 - c**4/12 - c**3/3 + 34*c. Suppose -y + 5*r + 17 = -0*r, 4 = -4*y - 4*r. What is u(y)?
8
Let y(f) = 3 - 7*f**2 + f**2 + 3*f - f**3 + 10*f**2. Calculate y(5).
-7
Let n = -7 - -3. Let d = n - -1. Let p(q) = -q**3 - 5*q**2 - 3*q + 3. Give p(d).
-6
Suppose 9*s - 22 = 23. Let a(u) = -7 + u + 2*u + 0*u. Calculate a(s).
8
Let b(j) be the third derivative of -j**7/2520 + j**6/120 - j**5/120 - j**4/12 - 2*j**2. Let p(w) be the second derivative of b(w). Determine p(4).
7
Let l = 32 - 38. Let w(k) be the second derivative of k**3/6 + 5*k**2/2 - 2*k. What is w(l)?
-1
Suppose i - 28 = -5*r, 7*r = 4*r - 5*i + 30. Let c(u) = -u**3 + 3*u**2 + 6*u - 2. Calculate c(r).
-22
Let d(i) = -i**2 + 6*i - 2. Let h be d(5). Suppose 0*y - 3*y = -h. Let m be 2 + (-2 - (-4)/y). Let u(o) = -o + 3. What is u(m)?
-1
Let l(o) = -1 - 4 - o**3 - 3 + 4*o**2 + 5. Determine l(4).
-3
Let o(y) = -2*y - 5*y + 11 - 2*y + y**2. Let p be o(8). Suppose p*v - 2*s = -0*s + 17, 5*s + 25 = 4*v. Let q(d) = -d**3 + 6*d**2 - 6*d + 1. Determine q(v).
-4
Let z = -10 + 14. Suppose 2*j + 2 = 0, -2*j = -z*d + j + 15. Let g(t) = t**3 - 5*t + 11*t**2 + 2 + 4*t**2 - 16*t**2. Give g(d).
5
Let k(u) = -u**2 + 7*u - 8. Let c(x) = 4*x**2 - 22*x + 24. Let i(r) = -2*c(r) - 7*k(r). Let h be i(-6). Let f(m) = -6*m + 5 - m**2 + h - 12. Give f(-5).
0
Let j(y) = -y**2 - 1. Let d(a) = -3*a**3 + 2*a. Let h(g) = -d(g) + j(g). Calculate h(-1).
-3
Suppose -2 = -x + 2. Suppose 3*u - x = u. Let r(y) = 0*y**2 - 4 - 3 - y + 0*y - y**u. Calculate r(0).
-7
Let v(c) = c**2 - 6*c - 5. Let f be v(7). Let x(w) = w**f + w**2 - w**2 + 3 - 3*w. Let j be (1 - -2)/(1/1). Give x(j).
3
Let i(b) = 2*b - 6. Let r(s) = -2*s + 6. Suppose -3*o = 7 - 22. Let d(x) = o*r(x) + 6*i(x). Determine d(6).
6
Suppose 0 = -0*f - 3*f + 3. Let y(l) = -2*l. Let r be y(f). Let u(v) = v**3 + 3*v**2 + v - 1. What is u(r)?
1
Let f(z) = 3*z. Let h be f(6). Suppose 18*g - h = 15*g. Let a(o) = o**2 - 5*o + 4. Determine a(g).
10
Let j = -34 - -29. Let l(u) = 5*u**2 + 3*u - 3. Let b(g) = 4*g**2 + 3*g - 3. Let p(y) = 4*b(y) - 3*l(y). What is p(j)?
7
Let d(p) = 3*p**3 + 6*p**2 + 7*p - 2. Let o(k) = -7*k**3 - 12*k**2 - 14*k + 4. Let a(l) = -5*d(l) - 2*o(l). Calculate a(-5).
12
Let t(w) be the second derivative of -w**5/20 - w**4/12 + w**3/3 + w**2/2 - 10*w. Determine t(-2).
1
Let h(v) be the second derivative of 0 - 9*v - 3/2*v**2 - 1/2*v**3. Determine h(-4).
9
Let y = -27 + 28. Let x(g) = -3*g**3 - g**2. Give x(y).
-4
Let i(s) = 2*s**3 + 2*s**2 - 2*s - 1. Let d be 14/(-42) + (-52)/(-3). Let k = -19 + d. Calculate i(k).
-5
Let s(w) = -w - 3. Let i be 4/(-6)*75/(-10). Suppose 0*t = 4*t + 2*u + 12, 3*t + 22 = i*u. Let h be (-1 - (-2)/8)*t. What is s(h)?
-6
Let j(o) = -3*o**2 - 4. Let h(a) = a**2 + 2. Let p(t) = 5*h(t) + 2*j(t). Let b be 1/(-3) + (-50)/30. Calculate p(b).
-2
Let x = 25 - 22. Let g(i) = 2 - x*i + 1 - 2*i**2 + 0*i + 3*i**2. Give g(3).
3
Let w(v) = -v + 12. Let i be w(7). Suppose -2*d + 0*u + 5*u + 5 = 0, i*d + 4*u + 4 = 0. Let b(s) = -s + 5. Determine b(d).
5
Let h(y) = -4*y - y**2 - 2 - 2*y + 0*y**2. Suppose 0 = 3*x - 34 + 4. Let m = x - 15. Calculate h(m).
3
Let o(r) be the third derivative of -r**4/24 - 2*r**3/3 - 3*r**2. Suppose -2*h - 6 = -0*h. What is o(h)?
-1
Let d(g) = g**2 + 14*g + 9. Let m(s) = -s - 1. Let b(l) = -d(l) - 4*m(l). What is b(-8)?
11
Let c(r) be the second derivative of r**5/20 - 5*r**4/12 - 5*r**3/6 + r**2 - 8*r. Determine c(6).
8
Let m(r) be the second derivative of r**5/60 - r**4/4 - r**3/2 - 7*r. Let y(v) be the second derivative of m(v). Give y(5).
4
Suppose x - 2*b = 2*b + 22, -4*x = -4*b - 28. Suppose x*p = -3*p + 65. Let o = 9 - p. Let m(v) = -v**3 - 4*v**2 + 2*v. Determine m(o).
-8
Let t(k) = -k**2 + 5*k - 1. Suppose -3*f + 9 = -3. Suppose f*l = 19 - 3. Give t(l).
3
Suppose 2*y = 2*o - 10, -3*o = -4*y - 0*o - 17. Let x be 1*(2/y + 2). Let n(v) = -6*v**3 + v**2 - v. Determine n(x).
-6
Let k(n) = -n**2 + n - 2. Let l(o) = -5*o**2 + 13*o - 5. Let u(a) = -6*k(a) + l(a). What is u(-7)?
7
Let j(b) be the first derivative of b**3/3 - 5*b**2/2 + 4*b + 3. Let o be 1*(1 + -2)*0. Let k = 4 + o. Determine j(k).
0
Let l(f) = f**2 - f + 4. Suppose 0 = -0*j - 5*j. Let s be l(j). Suppose -s*u + u = 0. Let k(m) = m**3 - m + 4. What is k(u)?
4
Suppose 2*p = -p - 6. Let o(w) = -4*w + 2. Determine o(p).
10
Let a(f) = -f**2 + 2*f - 10. Let i be a(0). Let u(d) = d**2 + 9*d - 13. Give u(i).
-3
Let m(w) = -w + 3. Let c be 1*-1 + (1 - -7). Suppose o + o + 2*n + 14 = 0, -8 = -2*n. Let u = o + c. Determine m(u).
7
Let y(i) = -i**2 - 3*i + 2 - i**3 + 6*i**2 - 3*i. Suppose -3*s - 3*g + 27 = -0*s, 2*g - 26 = -4*s. Give y(s).
-6
Let q(f) = 2*f + 1. Let m be q(3). Let b(c) = c - 2. Let t(l) = l - 2. Let h(s) = m*b(s) - 6*t(s). Let k = 11 - 16. What is h(k)?
-7
Let i(n) = 3*n**3 + 8*n**2 + 2*n + 7. Let b(d) be the first derivative of -2*d - 1/4*d**4 - d**3 - 1 - 1/2*d**2. Let c(y) = -7*b(y) - 2*i(y). Calculate c(-4).
4
Let k(q) be the second derivative of -q**5/20 - q**4/3 + q**3/2 + 3*q**2 + q. Let m(b) = 4*b. Let u = 2 - 3. Let n be m(u). Give k(n).
-6
Let s(i) be the first derivative of -2 - 1/6*i**3 + 1/2*i**2 + 1/12*i**4 - 3*i. Let a(z) be the first derivative of s(z). Determine a(-2).
7
Let y(d) = -5*d**2 - 8*d + 6. Let t be (1 + -19)*2/(-6). Let v(g) = 14*g**2 + 23*g - 17. Let u(z) = t*v(z) + 17*y(z). Give u(2).
0
Let p(f) = -2*f + 173*f**2 - f**3 - 91*f**2 - 87*f**2 - 4. Let r be 33/(-7) + 4/(-14). What is p(r)?
6
Let l(b) = b**2 - b + 1. Let s = -191 + 195. Determine l(s).
13
Let h(o) be the third derivative of -11*o**5/60 + o**4/24 - o**3/6 + 7*o**2. Suppose 0 = 4*g + 16, 1 